e number?
True
Is 13331301 a prime number?
False
Is 6447887 a composite number?
True
Is 5988581 composite?
True
Is 249794011 a prime number?
True
Is 61001 prime?
True
Is 15446929 a prime number?
False
Is 2842837 a composite number?
True
Is 27352811 prime?
False
Is 1030333 composite?
True
Is 1884293 a prime number?
True
Is 122134973 a prime number?
True
Is 129492697 composite?
False
Is 122490437 prime?
True
Is 8375017 prime?
False
Is 12442085 prime?
False
Is 3538627 a composite number?
False
Is 46227187 composite?
False
Is 37189937 prime?
False
Is 57181477 a composite number?
False
Is 1088147251 composite?
True
Is 17756573 prime?
False
Is 7463171 prime?
True
Is 13873061 prime?
True
Is 107495147 a composite number?
True
Is 1546513 prime?
False
Is 162599 a prime number?
False
Is 2464147 prime?
False
Is 184478597 composite?
False
Is 29393359 prime?
True
Is 6671539 a composite number?
True
Is 7626197 a composite number?
False
Is 21623581 a composite number?
True
Is 3793133 a composite number?
False
Is 877136037 composite?
True
Is 38901491 prime?
False
Is 757261 prime?
False
Is 62918381 prime?
True
Is 2635301 prime?
False
Is 20194831 prime?
True
Is 1419933 composite?
True
Is 29730503 a prime number?
False
Is 2934263 a prime number?
True
Is 26195219 a composite number?
True
Is 7918909 composite?
False
Is 1297229 a composite number?
False
Is 12255587 a prime number?
True
Is 83688271 a prime number?
True
Is 3059911 a prime number?
True
Is 1511578 a prime number?
False
Is 9975683 composite?
False
Is 9106859 prime?
True
Is 149681897 a prime number?
True
Is 292882939 a prime number?
True
Is 2435581 composite?
True
Is 299471 composite?
False
Is 769003 prime?
True
Is 51733729 a composite number?
True
Is 832142 a prime number?
False
Is 179703973 composite?
True
Is 9643603 prime?
True
Is 22008521 a composite number?
True
Is 18008395 composite?
True
Is 4185431 a composite number?
False
Is 2898001 prime?
False
Is 24116959 a prime number?
True
Is 484974409 prime?
True
Is 7008577 a composite number?
True
Is 5089451 a prime number?
True
Is 8839221 prime?
False
Is 4295503 a prime number?
False
Is 90223 composite?
True
Is 1710997 a prime number?
True
Is 3215467 composite?
False
Is 8354323 prime?
True
Is 13227197 composite?
False
Is 79880809 composite?
False
Is 23255291 prime?
True
Is 90257513 prime?
False
Is 2486527 a prime number?
False
Is 1744942 a prime number?
False
Is 9371017 a composite number?
False
Is 96589019 a composite number?
True
Is 5162371 prime?
True
Is 17765651 a prime number?
True
Is 32571577 composite?
False
Is 268025599 composite?
False
Is 24263081 a composite number?
False
Is 679354123 prime?
False
Is 87227887 prime?
True
Is 424156951 prime?
False
Is 86121187 a composite number?
True
Is 138721 a composite number?
True
Is 1638431 a composite number?
False
Is 206387 prime?
False
Is 5548337 a composite number?
True
Is 13807891 a prime number?
False
Is 52638809 prime?
True
Is 815407 prime?
False
Is 366955363 a prime number?
False
Is 3837545 prime?
False
Is 12804887 a composite number?
True
Is 14791259 composite?
True
Is 12202423 composite?
False
Is 49565819 a prime number?
True
Is 4277159 prime?
True
Is 2701753 a composite number?
True
Is 87660493 a composite number?
True
Is 8425237 a composite number?
False
Is 21538109 a prime number?
True
Is 135877947 a prime number?
False
Is 209165051 composite?
False
Is 345317 composite?
True
Is 58431209 prime?
True
Is 10860287 a prime number?
True
Is 3926281 prime?
False
Is 10852271 a prime number?
True
Is 101801762 composite?
True
Is 29288591 prime?
False
Is 4092289 a prime number?
False
Is 956089 a composite number?
True
Is 22640377 composite?
True
Is 915601 a prime number?
True
Is 4295699 a composite number?
False
Is 2005217 a prime number?
False
Is 88481 a prime number?
False
Is 29565169 prime?
False
Is 418453 prime?
False
Is 5594521 a composite number?
True
Is 6326819 composite?
True
Is 481951 a prime number?
False
Is 28070831 a composite number?
False
Is 10447181 prime?
True
Is 953831 prime?
True
Is 221617021 composite?
False
Is 4744507 prime?
False
Is 4430501 a composite number?
True
Is 14796139 composite?
False
Is 3000359 a prime number?
True
Is 154371863 prime?
True
Is 13484279 composite?
True
Is 4986749 a prime number?
False
Is 4025227 prime?
True
Is 348307 a prime number?
True
Is 5300467 composite?
False
Is 7810611 a composite number?
True
Is 2278191 a composite number?
True
Is 2392939 a prime number?
True
Is 17714059 a prime number?
False
Is 45671267 a prime number?
True
Is 464063 a prime number?
False
Is 955829 a composite number?
True
Is 26077 prime?
False
Is 22334057 composite?
True
Is 3274681 prime?
True
Is 402739 a composite number?
False
Is 955482967 composite?
False
Is 1637813 prime?
True
Is 341575523 a prime number?
True
Is 40154945 prime?
False
Is 810087 composite?
True
Is 62828567 a prime number?
False
Is 1369723 prime?
True
Is 136333907 a composite number?
False
Is 1722283 a prime number?
True
Is 1409977 composite?
False
Is 25633137 a prime number?
False
Is 4108549 a composite number?
False
Is 416592721 prime?
False
Is 2737055 a composite number?
True
Is 158205241 prime?
False
Is 3585941 prime?
True
Is 658993081 prime?
True
Is 13280647 prime?
True
Is 24928367 a prime number?
True
Is 115621469 a prime number?
True
Is 733859795 composite?
True
Is 2293115369 a composite number?
False
Is 436477 a composite number?
False
Is 31582253 prime?
False
Is 2157091 a composite number?
False
Is 1911193 a prime number?
False
Is 11338319 a prime number?
True
Is 393981361 a composite number?
True
Is 11364193 prime?
True
Is 7604054 a composite number?
True
Is 2602043 a prime number?
True
Is 5075927 composite?
False
Is 32384867 a composite number?
False
Is 11420557 a prime number?
False
Is 52163 a composite number?
False
Is 3044983 prime?
True
Is 21474851 composite?
False
Is 239723723 a composite number?
False
Is 1255333 a composite number?
False
Is 7753234 composite?
True
Is 259298437 a composite number?
False
Is 4321601 prime?
True
Is 348334253 prime?
True
Is 190621 a prime number?
False
Is 46351901 composite?
False
Is 46069733 a composite number?
False
Is 1280449 prime?
False
Is 17118061 prime?
True
Is 349680686 a composite number?
True
Is 137119051 composite?
True
Is 111342547 composite?
False
Is 222480293 composite?
True
Is 3826679 a prime number?
False
Is 1346689613 composite?
False
Is 680497 prime?
False
Is 392415911 a prime number?
False
Is 113401391 a prime number?
True
Is 116461 composite?
False
Is 1478159 composite?
True
Is 10560577 prime?
False
Is 1695581 composite?
False
Is 170880271 prime?
False
Is 73972027 prime?
True
Is 8267167 a prime number?
True
Is 225168947 composite?
False
Is 2888141 a composite number?
False
Is 26233831 a composite number?
True
Is 23971557 a prime number?
False
Is 8503727 composite?
True
Is 2388797 composite?
False
Is 26192707 a prime number?
False
Is 1950734 a composite number?
True
Is 36908939 a composite number?
True
Is 170954803 a prime number?
False
Is 340564057 a prime number?
True
Is 1855955 prime?
False
Is 301738859 composite?
False
Is 37015141 prime?
True
Is 1965527 a composite number?
False
Is 3809251 composite?
False
Is 228813997 composite?
True
Is 63549379 composite?
False
Is 5746337 a prime number?
True
Is 40814681 composite?
False
Is 4722747 a prime number?
False
Is 117963791 composite?
True
Is 114295 prime?
False
Is 9084629 a prime number?
False
Is 12897017 a composite number?
True
Is 29799107 a composite number?
True
Is 137675721 prime?
False
Is 5012849 a composite number?
False
Is 7024891 a composite number?
False
Is 25561077 a prime number?
False
Is 18605245 prime?
False
Is 1461193 composite?
False
Is 338939009 a prime number?
True
Is 67311527 a prime number?
True
Is 10979131 prime?
False
Is 256279147 a composite number?
False
Is 61483 a composite number?
False
Is 8734619 a prime number?
False
Is 39120329 prime?
True
Is 288453371 a composite number?
False
Is 21351181 a prime number?
True
Is 6598799 prime?
True
Is 19175719 a prime number?
False
Is 18092762 prime?
False
Is 211413259 composite?
True
Is 27125981 a prime number?
True
Is 1908161 prime?
False
Is 1576207 prime?
False
Is 1767691 a prime number?
True
Is 203841745 composite?
True
Is 5692991 a